se 16, what is e4 + 5?
e9
In base 6, what is -11 + -25?
-40
In base 5, what is 13003 + -103?
12400
In base 13, what is 12 - -10?
22
In base 11, what is 12 + 97?
a9
In base 15, what is a2d2 - 1?
a2d1
In base 6, what is 4 + -234?
-230
In base 15, what is -141 + -4?
-145
In base 3, what is 12 + -2111?
-2022
In base 6, what is -15 - 11?
-30
In base 16, what is -ab2 + -4?
-ab6
In base 3, what is -10 - -211111?
211101
In base 10, what is -5 + 5?
0
In base 14, what is 3a + -4?
36
In base 7, what is -304 + -2?
-306
In base 16, what is 1af - -2?
1b1
In base 4, what is 23200 - 0?
23200
In base 10, what is -452 + -16?
-468
In base 12, what is 73 + 2?
75
In base 13, what is 17cb - 1?
17ca
In base 9, what is -4 + 6348?
6344
In base 8, what is 10022 + -4?
10016
In base 14, what is 74 - 8?
6a
In base 10, what is -293 - 4?
-297
In base 10, what is 64 - 4?
60
In base 16, what is 26 + 5?
2b
In base 15, what is 1 - -4?
5
In base 15, what is -1 + -115?
-116
In base 12, what is -1b6b - 0?
-1b6b
In base 9, what is -155 - 61?
-226
In base 13, what is -c5 - -8?
-ba
In base 13, what is 1 - -38?
39
In base 2, what is 0 + 1010101?
1010101
In base 6, what is 40 - 2?
34
In base 13, what is -5 - -30?
28
In base 8, what is -11740 + -1?
-11741
In base 15, what is a - -53?
5d
In base 9, what is -44 + 4?
-40
In base 11, what is 3a75 + 3?
3a78
In base 4, what is 102322 + 1?
102323
In base 2, what is -1011 + -11100?
-100111
In base 3, what is 12 + 20202?
20221
In base 5, what is -10 + -213332?
-213342
In base 16, what is f - 439?
-42a
In base 7, what is 3 + 11256?
11262
In base 9, what is -444 - 2?
-446
In base 4, what is 3 - -231?
300
In base 6, what is 34 - -112?
150
In base 10, what is -1 - -69?
68
In base 4, what is -11030 + 2?
-11022
In base 8, what is 1513 + 3?
1516
In base 9, what is 24 + 3?
27
In base 15, what is -1 + 58?
57
In base 3, what is 120011 - 222?
112012
In base 8, what is 32 + -345?
-313
In base 13, what is 4 + -24a?
-246
In base 12, what is -1 + -3b?
-40
In base 12, what is -21 + -80?
-a1
In base 7, what is 53212 + 4?
53216
In base 16, what is 9 - -8?
11
In base 7, what is -31 - -30?
-1
In base 11, what is 2 + -88?
-86
In base 7, what is -12 - 5414?
-5426
In base 13, what is 4 - -7c4?
7c8
In base 15, what is 2a0 - -1?
2a1
In base 10, what is 2 + -343?
-341
In base 16, what is -d4 - -3?
-d1
In base 9, what is -1 - -1175?
1174
In base 13, what is -6 - 160?
-166
In base 16, what is -13aa - -2?
-13a8
In base 9, what is 6565 + 3?
6568
In base 3, what is -1 + -100?
-101
In base 5, what is 1 + 3400?
3401
In base 4, what is -2 - -1033231?
1033223
In base 3, what is -1 - 100021?
-100022
In base 8, what is -22 - -72?
50
In base 5, what is -1 - 100?
-101
In base 16, what is 1 - -9bf?
9c0
In base 12, what is 4 - -a80?
a84
In base 6, what is 144534 - -3?
144541
In base 7, what is 5 - 4215?
-4210
In base 13, what is -3 - 7b?
-81
In base 5, what is 3 + -23?
-20
In base 13, what is 1cb + 3?
201
In base 4, what is 31 + 313?
1010
In base 11, what is 36 - -5?
40
In base 8, what is 0 - 4064?
-4064
In base 8, what is -3 + 1256?
1253
In base 13, what is 8ac + 5?
8b4
In base 8, what is -7261 - 1?
-7262
In base 12, what is 104 + a?
112
In base 7, what is -3650 + 4?
-3643
In base 3, what is -2002 - 10?
-2012
In base 14, what is -9 + -41c?
-427
In base 10, what is 30 - -55?
85
In base 5, what is -1 - 432?
-433
In base 12, what is 273 - 1?
272
In base 11, what is -11 - 219?
-22a
In base 8, what is -1 - -16167?
16166
In base 6, what is -22 + -13?
-35
In base 8, what is 56 + 6?
64
In base 7, what is 15 - 23?
-5
In base 14, what is -5d4 + -1?
-5d5
In base 8, what is -2 - 16?
-20
In base 6, what is -4 - -411?
403
In base 13, what is -1 + 171?
170
In base 2, what is -11101 - -10010011?
1110110
In base 8, what is -3417 - -4?
-3413
In base 3, what is -2102102 - 0?
-2102102
In base 6, what is 3 + 3505?
3512
In base 9, what is 1161 - 6?
1154
In base 2, what is -10010100 + 101?
-10001111
In base 13, what is 19 - 46?
-2a
In base 4, what is -13132 + 23?
-13103
In base 5, what is 34 + -40?
-1
In base 3, what is 2102 - -1?
2110
In base 7, what is 22 - -1?
23
In base 4, what is -20 + -23?
-103
In base 15, what is 0 - 1b49?
-1b49
In base 10, what is -4 - -722?
718
In base 8, what is -2 - 126?
-130
In base 3, what is -11 - 20210202?
-20210220
In base 3, what is -12 + -1211011?
-1211100
In base 8, what is -2 + -70?
-72
In base 16, what is -ae - 1?
-af
In base 15, what is -7e0 - 2?
-7e2
In base 15, what is -40 + a?
-35
In base 10, what is -5 + 3371?
3366
In base 8, what is -15 - 410?
-425
In base 5, what is 101 - 441?
-340
In base 8, what is 0 + -4?
-4
In base 13, what is -a1 - 18?
-b9
In base 3, what is -10022211 + -10?
-10022221
In base 11, what is a - 11?
-2
In base 3, what is -102 - -2?
-100
In base 9, what is 11 - -140?
151
In base 8, what is 2 + -12?
-10
In base 16, what is -40f - -29?
-3e6
In base 3, what is -1111220 + 12?
-1111201
In base 11, what is a089 - 0?
a089
In base 9, what is -40 - -12?
-27
In base 12, what is 3 - -a9b?
aa2
In base 9, what is -2 - 73?
-75
In base 12, what is -21 + -b?
-30
In base 9, what is -3 - 264?
-267
In base 3, what is -1 - 121?
-122
In base 8, what is 542 + -23?
517
In base 7, what is -3 - -122?
116
In base 4, what is -300 - -2023?
1123
In base 2, what is -1000111 + -10?
-1001001
In base 8, what is -12 - 34?
-46
In base 15, what is 2e + c?
3b
In base 10, what is -951 + 1?
-950
In base 5, what is 2 + -102?
-100
In base 10, what is 35 - 4?
31
In base 10, what is -3 - -9?
6
In base 15, what is 96 - 7?
8e
In base 15, what is -17 + 7?
-10
In base 8, what is 3350 - -1?
3351
In base 11, what is 5 + 2336?
2340
In base 12, what is 632 + -2?
630
In base 6, what is -1051 - 2?
-1053
In base 4, what is -10011 + 1?
-10010
In base 2, what is -100000011 + 101?
-11111110
In base 3, what is 102110001 - -1?
102110002
In base 10, what is -19 - 18?
-37
In base 13, what is -1 - 1?
-2
In base 12, what is 6 - 275?
-26b
In base 13, what is 1 + -270?
-26c
In base 5, what is -44 + -13023?
-13122
In base 12, what is -59 - -10?
-49
In base 4, what is 23331 + -2?
23323
In base 11, what is -63 + -5?
-68
In base 13, what is -2 - 44?
-46
In base 5, what is 40 + 1003?
1043
In base 14, what is c5 + 32?
117
In base 5, what is -4 + -103?
-112
In base 11, what is 60 - -76?
126
In base 16, what is -104 - 9?
-10d
In base 3, what is -10 - -120?
110
In base 13, what is -13 + 34?
21
In base 12, what is -12 - 8a7?
-8b9
In base 13, what is -30 + -3?
-33
In base 12, what is 58 - -4?
60
In base 14, what is 1b4 - 22?
192
In base 10, what is -1986 + 0?
-1986
In base 14, what is 2 - 1bd?
-1bb
In base 14, what is -1177 + -3?
-117a
In base 15, what is 73 - 10?
63
In base 3, what is -210 + 102?
-101
In base 6, what is 25 - -4?
33
In base 13, what is -226 - 4?
-22a
In base 9, what is 2 - -2504?
2506
In base 8, what is 2 + -1065?
-1063
In base 6, what is -23 + -4?
-31
In base 16, what is f - -45?
54
In base 13, what is 3 + -199c?
-1999
In base 12, what is -2 + 41?
3b
In base 16, what is -6 - -66?
60
In base 12, what is a + 16?
24
In base 10, what is -115 - 23?
-138
In base 5, what is 21 + -132?
-111
In base 8, what is -367 - 6?
-375
In base 15, what is 103 + 1?
104
In base 6, what is -153 + -32?
-225
In base 2, what is 1 + 10000110?
10000111
In base 11, what is -1 + 50a?
509
In base 15, what is 4 - 33?
-2e
In base 12, what is 0 - -173?
173
In base 13, what is 5 - -b0c?
b14
In base 9, what is 2 - -384?
386
In base 9, what is 3 + 11?
14
In base 8, what is -113 - 2?
-115
In base 9, what is 546 - 2?
544
In base 9, what is -2 + 2?
0
In base 6, what is -50 - -22?
-24
In base 11, what is 0 + -a94?
-a94
In base 13, what is 2 - 1445?
-1443
In base 10, what is 25 + 8?
33
In base 4, what is 3312 + -23?
3223
In base 4, what is -21 + 103?
22
In base 13, what is 7 - -2?
9
In base 4, what is -2 - -1022?
1020
In base 10, what is -89 - -3?
-86
In base 8, what is -25 - -130?
103
In base 4, what is 12 - 0?
12
In base 10, what is 7 + 16?
23
In base 6, what is -1 + 453?
452
In base 4, what is 10230 + 11?
10301
In base 12, what is -9721 + -2?
-9723
In base 7, what is -5 - -22?
14
In base 12, what is -33a - -11?
-329
In base 8, what is 1 + 126?
127
In base 3, what is -112 - 2222200?
-10000012
In base 14, what is -72d + -2?
-731
In base 1